{"id":637,"date":"2025-06-14T21:33:20","date_gmt":"2025-06-14T19:33:20","guid":{"rendered":"https:\/\/www.mauxenmots.be\/?post_type=at_biz_dir&#038;p=637"},"modified":"2025-06-29T10:17:19","modified_gmt":"2025-06-29T08:17:19","slug":"logopede-enfants-ados-bilan-reeducation-langage-maths-attention","status":"publish","type":"at_biz_dir","link":"https:\/\/www.mauxenmots.be\/index.php\/directory\/logopede-enfants-ados-bilan-reeducation-langage-maths-attention\/","title":{"rendered":"Joelle BLONDIAUX"},"content":{"rendered":"<p class=\"cvGsUA direction-ltr align-start para-style-body\"><span class=\"OYPEnA font-feature-liga-off font-feature-clig-off font-feature-calt-off text-decoration-none text-strikethrough-none\">\u00ab Re\u00e7oit des enfants et des adolescents pour des bilans et des r\u00e9\u00e9ducations en langage oral, langage \u00e9crit, math\u00e9matiques, difficult\u00e9s d\u2019attention &#8211; concentration, r\u00e9\u00e9ducation myo-fonctionnelle. \u00bb<\/span><\/p>\n<p class=\"cvGsUA direction-ltr align-start para-style-body\"><span class=\"OYPEnA font-feature-liga-off font-feature-clig-off font-feature-calt-off text-decoration-none text-strikethrough-none\">T\u00e9l :\u00a0<a style=\"cursor: pointer !important; user-select: none !important;\" href=\"tel:0476235115\">0476\/23 51 15,<\/a>\u00a0email :<\/span><a href=\"mailto:blondiauxjoelle@gmail.com\"><span class=\"OYPEnA font-feature-liga-off font-feature-clig-off font-feature-calt-off text-decoration-none text-strikethrough-none\">\u00a0blondiauxjoelle@gmail.com<\/span><\/a><\/p>\n","protected":false},"author":2,"comment_status":"closed","ping_status":"closed","template":"","atbdp_listing_types":[24],"at_biz_dir-category":[25],"at_biz_dir-location":[],"at_biz_dir-tags":[29,31,46,28,45],"class_list":["post-637","at_biz_dir","type-at_biz_dir","status-publish","has-post-thumbnail","hentry","atbdp_listing_types-general","at_biz_dir-category-logopede","at_biz_dir-tags-ado","at_biz_dir-tags-bilans","at_biz_dir-tags-difficultes-dattention-concentration","at_biz_dir-tags-enfant","at_biz_dir-tags-reeducations"],"yoast_head":"<!-- This site is optimized with the Yoast SEO plugin v26.5 - https:\/\/yoast.com\/wordpress\/plugins\/seo\/ -->\n<title>Joelle BLONDIAUX - Maux en Mots<\/title>\n<meta name=\"description\" content=\"Logop\u00e8de sp\u00e9cialis\u00e9e pour enfants et adolescents. Bilan et r\u00e9\u00e9ducation en langage oral et \u00e9crit, math\u00e9matiques, attention-concentration, et r\u00e9\u00e9ducation myo-fonctionnelle.\" \/>\n<meta name=\"robots\" content=\"index, follow, max-snippet:-1, max-image-preview:large, max-video-preview:-1\" \/>\n<link rel=\"canonical\" href=\"https:\/\/www.mauxenmots.be\/index.php\/directory\/logopede-enfants-ados-bilan-reeducation-langage-maths-attention\/\" \/>\n<meta property=\"og:locale\" content=\"fr_FR\" \/>\n<meta property=\"og:type\" content=\"article\" \/>\n<meta property=\"og:title\" content=\"Joelle BLONDIAUX - Maux en Mots\" \/>\n<meta property=\"og:description\" content=\"Logop\u00e8de sp\u00e9cialis\u00e9e pour enfants et adolescents. Bilan et r\u00e9\u00e9ducation en langage oral et \u00e9crit, math\u00e9matiques, attention-concentration, et r\u00e9\u00e9ducation myo-fonctionnelle.\" \/>\n<meta property=\"og:url\" content=\"https:\/\/www.mauxenmots.be\/index.php\/directory\/logopede-enfants-ados-bilan-reeducation-langage-maths-attention\/\" \/>\n<meta property=\"og:site_name\" content=\"Maux en Mots\" \/>\n<meta property=\"article:modified_time\" content=\"2025-06-29T08:17:19+00:00\" \/>\n<meta property=\"og:image\" content=\"https:\/\/www.mauxenmots.be\/wp-content\/uploads\/2025\/06\/logopede-et-un-enfant-travaille-la-lettre-d.jpg\" \/>\n\t<meta property=\"og:image:width\" content=\"2048\" \/>\n\t<meta property=\"og:image:height\" content=\"2048\" \/>\n\t<meta property=\"og:image:type\" content=\"image\/jpeg\" \/>\n<meta name=\"twitter:card\" content=\"summary_large_image\" \/>\n<meta name=\"twitter:label1\" content=\"Dur\u00e9e de lecture estim\u00e9e\" \/>\n\t<meta name=\"twitter:data1\" content=\"1 minute\" \/>\n<script type=\"application\/ld+json\" class=\"yoast-schema-graph\">{\"@context\":\"https:\/\/schema.org\",\"@graph\":[{\"@type\":\"WebPage\",\"@id\":\"https:\/\/www.mauxenmots.be\/index.php\/directory\/logopede-enfants-ados-bilan-reeducation-langage-maths-attention\/\",\"url\":\"https:\/\/www.mauxenmots.be\/index.php\/directory\/logopede-enfants-ados-bilan-reeducation-langage-maths-attention\/\",\"name\":\"Joelle BLONDIAUX - Maux en Mots\",\"isPartOf\":{\"@id\":\"https:\/\/www.mauxenmots.be\/#website\"},\"primaryImageOfPage\":{\"@id\":\"https:\/\/www.mauxenmots.be\/index.php\/directory\/logopede-enfants-ados-bilan-reeducation-langage-maths-attention\/#primaryimage\"},\"image\":{\"@id\":\"https:\/\/www.mauxenmots.be\/index.php\/directory\/logopede-enfants-ados-bilan-reeducation-langage-maths-attention\/#primaryimage\"},\"thumbnailUrl\":\"https:\/\/www.mauxenmots.be\/wp-content\/uploads\/2025\/06\/logopede-et-un-enfant-travaille-la-lettre-d.jpg\",\"datePublished\":\"2025-06-14T19:33:20+00:00\",\"dateModified\":\"2025-06-29T08:17:19+00:00\",\"description\":\"Logop\u00e8de sp\u00e9cialis\u00e9e pour enfants et adolescents. Bilan et r\u00e9\u00e9ducation en langage oral et \u00e9crit, math\u00e9matiques, attention-concentration, et r\u00e9\u00e9ducation myo-fonctionnelle.\",\"breadcrumb\":{\"@id\":\"https:\/\/www.mauxenmots.be\/index.php\/directory\/logopede-enfants-ados-bilan-reeducation-langage-maths-attention\/#breadcrumb\"},\"inLanguage\":\"fr-FR\",\"potentialAction\":[{\"@type\":\"ReadAction\",\"target\":[\"https:\/\/www.mauxenmots.be\/index.php\/directory\/logopede-enfants-ados-bilan-reeducation-langage-maths-attention\/\"]}]},{\"@type\":\"ImageObject\",\"inLanguage\":\"fr-FR\",\"@id\":\"https:\/\/www.mauxenmots.be\/index.php\/directory\/logopede-enfants-ados-bilan-reeducation-langage-maths-attention\/#primaryimage\",\"url\":\"https:\/\/www.mauxenmots.be\/wp-content\/uploads\/2025\/06\/logopede-et-un-enfant-travaille-la-lettre-d.jpg\",\"contentUrl\":\"https:\/\/www.mauxenmots.be\/wp-content\/uploads\/2025\/06\/logopede-et-un-enfant-travaille-la-lettre-d.jpg\",\"width\":2048,\"height\":2048},{\"@type\":\"BreadcrumbList\",\"@id\":\"https:\/\/www.mauxenmots.be\/index.php\/directory\/logopede-enfants-ados-bilan-reeducation-langage-maths-attention\/#breadcrumb\",\"itemListElement\":[{\"@type\":\"ListItem\",\"position\":1,\"name\":\"Accueil\",\"item\":\"https:\/\/www.mauxenmots.be\/\"},{\"@type\":\"ListItem\",\"position\":2,\"name\":\"Joelle BLONDIAUX\"}]},{\"@type\":\"WebSite\",\"@id\":\"https:\/\/www.mauxenmots.be\/#website\",\"url\":\"https:\/\/www.mauxenmots.be\/\",\"name\":\"Maux en Mots\",\"description\":\"\",\"publisher\":{\"@id\":\"https:\/\/www.mauxenmots.be\/#organization\"},\"potentialAction\":[{\"@type\":\"SearchAction\",\"target\":{\"@type\":\"EntryPoint\",\"urlTemplate\":\"https:\/\/www.mauxenmots.be\/?s={search_term_string}\"},\"query-input\":{\"@type\":\"PropertyValueSpecification\",\"valueRequired\":true,\"valueName\":\"search_term_string\"}}],\"inLanguage\":\"fr-FR\"},{\"@type\":\"Organization\",\"@id\":\"https:\/\/www.mauxenmots.be\/#organization\",\"name\":\"Maux en Mots\",\"url\":\"https:\/\/www.mauxenmots.be\/\",\"logo\":{\"@type\":\"ImageObject\",\"inLanguage\":\"fr-FR\",\"@id\":\"https:\/\/www.mauxenmots.be\/#\/schema\/logo\/image\/\",\"url\":\"https:\/\/www.mauxenmots.be\/wp-content\/uploads\/2025\/05\/cropped-cropped-IMG-20250122-WA0005-min.jpg\",\"contentUrl\":\"https:\/\/www.mauxenmots.be\/wp-content\/uploads\/2025\/05\/cropped-cropped-IMG-20250122-WA0005-min.jpg\",\"width\":200,\"height\":199,\"caption\":\"Maux en Mots\"},\"image\":{\"@id\":\"https:\/\/www.mauxenmots.be\/#\/schema\/logo\/image\/\"}}]}<\/script>\n<!-- \/ Yoast SEO plugin. -->","yoast_head_json":{"title":"Joelle BLONDIAUX - Maux en Mots","description":"Logop\u00e8de sp\u00e9cialis\u00e9e pour enfants et adolescents. Bilan et r\u00e9\u00e9ducation en langage oral et \u00e9crit, math\u00e9matiques, attention-concentration, et r\u00e9\u00e9ducation myo-fonctionnelle.","robots":{"index":"index","follow":"follow","max-snippet":"max-snippet:-1","max-image-preview":"max-image-preview:large","max-video-preview":"max-video-preview:-1"},"canonical":"https:\/\/www.mauxenmots.be\/index.php\/directory\/logopede-enfants-ados-bilan-reeducation-langage-maths-attention\/","og_locale":"fr_FR","og_type":"article","og_title":"Joelle BLONDIAUX - Maux en Mots","og_description":"Logop\u00e8de sp\u00e9cialis\u00e9e pour enfants et adolescents. Bilan et r\u00e9\u00e9ducation en langage oral et \u00e9crit, math\u00e9matiques, attention-concentration, et r\u00e9\u00e9ducation myo-fonctionnelle.","og_url":"https:\/\/www.mauxenmots.be\/index.php\/directory\/logopede-enfants-ados-bilan-reeducation-langage-maths-attention\/","og_site_name":"Maux en Mots","article_modified_time":"2025-06-29T08:17:19+00:00","og_image":[{"width":2048,"height":2048,"url":"https:\/\/www.mauxenmots.be\/wp-content\/uploads\/2025\/06\/logopede-et-un-enfant-travaille-la-lettre-d.jpg","type":"image\/jpeg"}],"twitter_card":"summary_large_image","twitter_misc":{"Dur\u00e9e de lecture estim\u00e9e":"1 minute"},"schema":{"@context":"https:\/\/schema.org","@graph":[{"@type":"WebPage","@id":"https:\/\/www.mauxenmots.be\/index.php\/directory\/logopede-enfants-ados-bilan-reeducation-langage-maths-attention\/","url":"https:\/\/www.mauxenmots.be\/index.php\/directory\/logopede-enfants-ados-bilan-reeducation-langage-maths-attention\/","name":"Joelle BLONDIAUX - Maux en Mots","isPartOf":{"@id":"https:\/\/www.mauxenmots.be\/#website"},"primaryImageOfPage":{"@id":"https:\/\/www.mauxenmots.be\/index.php\/directory\/logopede-enfants-ados-bilan-reeducation-langage-maths-attention\/#primaryimage"},"image":{"@id":"https:\/\/www.mauxenmots.be\/index.php\/directory\/logopede-enfants-ados-bilan-reeducation-langage-maths-attention\/#primaryimage"},"thumbnailUrl":"https:\/\/www.mauxenmots.be\/wp-content\/uploads\/2025\/06\/logopede-et-un-enfant-travaille-la-lettre-d.jpg","datePublished":"2025-06-14T19:33:20+00:00","dateModified":"2025-06-29T08:17:19+00:00","description":"Logop\u00e8de sp\u00e9cialis\u00e9e pour enfants et adolescents. Bilan et r\u00e9\u00e9ducation en langage oral et \u00e9crit, math\u00e9matiques, attention-concentration, et r\u00e9\u00e9ducation myo-fonctionnelle.","breadcrumb":{"@id":"https:\/\/www.mauxenmots.be\/index.php\/directory\/logopede-enfants-ados-bilan-reeducation-langage-maths-attention\/#breadcrumb"},"inLanguage":"fr-FR","potentialAction":[{"@type":"ReadAction","target":["https:\/\/www.mauxenmots.be\/index.php\/directory\/logopede-enfants-ados-bilan-reeducation-langage-maths-attention\/"]}]},{"@type":"ImageObject","inLanguage":"fr-FR","@id":"https:\/\/www.mauxenmots.be\/index.php\/directory\/logopede-enfants-ados-bilan-reeducation-langage-maths-attention\/#primaryimage","url":"https:\/\/www.mauxenmots.be\/wp-content\/uploads\/2025\/06\/logopede-et-un-enfant-travaille-la-lettre-d.jpg","contentUrl":"https:\/\/www.mauxenmots.be\/wp-content\/uploads\/2025\/06\/logopede-et-un-enfant-travaille-la-lettre-d.jpg","width":2048,"height":2048},{"@type":"BreadcrumbList","@id":"https:\/\/www.mauxenmots.be\/index.php\/directory\/logopede-enfants-ados-bilan-reeducation-langage-maths-attention\/#breadcrumb","itemListElement":[{"@type":"ListItem","position":1,"name":"Accueil","item":"https:\/\/www.mauxenmots.be\/"},{"@type":"ListItem","position":2,"name":"Joelle BLONDIAUX"}]},{"@type":"WebSite","@id":"https:\/\/www.mauxenmots.be\/#website","url":"https:\/\/www.mauxenmots.be\/","name":"Maux en Mots","description":"","publisher":{"@id":"https:\/\/www.mauxenmots.be\/#organization"},"potentialAction":[{"@type":"SearchAction","target":{"@type":"EntryPoint","urlTemplate":"https:\/\/www.mauxenmots.be\/?s={search_term_string}"},"query-input":{"@type":"PropertyValueSpecification","valueRequired":true,"valueName":"search_term_string"}}],"inLanguage":"fr-FR"},{"@type":"Organization","@id":"https:\/\/www.mauxenmots.be\/#organization","name":"Maux en Mots","url":"https:\/\/www.mauxenmots.be\/","logo":{"@type":"ImageObject","inLanguage":"fr-FR","@id":"https:\/\/www.mauxenmots.be\/#\/schema\/logo\/image\/","url":"https:\/\/www.mauxenmots.be\/wp-content\/uploads\/2025\/05\/cropped-cropped-IMG-20250122-WA0005-min.jpg","contentUrl":"https:\/\/www.mauxenmots.be\/wp-content\/uploads\/2025\/05\/cropped-cropped-IMG-20250122-WA0005-min.jpg","width":200,"height":199,"caption":"Maux en Mots"},"image":{"@id":"https:\/\/www.mauxenmots.be\/#\/schema\/logo\/image\/"}}]}},"_links":{"self":[{"href":"https:\/\/www.mauxenmots.be\/index.php\/wp-json\/wp\/v2\/at_biz_dir\/637","targetHints":{"allow":["GET"]}}],"collection":[{"href":"https:\/\/www.mauxenmots.be\/index.php\/wp-json\/wp\/v2\/at_biz_dir"}],"about":[{"href":"https:\/\/www.mauxenmots.be\/index.php\/wp-json\/wp\/v2\/types\/at_biz_dir"}],"author":[{"embeddable":true,"href":"https:\/\/www.mauxenmots.be\/index.php\/wp-json\/wp\/v2\/users\/2"}],"replies":[{"embeddable":true,"href":"https:\/\/www.mauxenmots.be\/index.php\/wp-json\/wp\/v2\/comments?post=637"}],"version-history":[{"count":2,"href":"https:\/\/www.mauxenmots.be\/index.php\/wp-json\/wp\/v2\/at_biz_dir\/637\/revisions"}],"predecessor-version":[{"id":900,"href":"https:\/\/www.mauxenmots.be\/index.php\/wp-json\/wp\/v2\/at_biz_dir\/637\/revisions\/900"}],"wp:featuredmedia":[{"embeddable":true,"href":"https:\/\/www.mauxenmots.be\/index.php\/wp-json\/wp\/v2\/media\/617"}],"wp:attachment":[{"href":"https:\/\/www.mauxenmots.be\/index.php\/wp-json\/wp\/v2\/media?parent=637"}],"wp:term":[{"taxonomy":"atbdp_listing_types","embeddable":true,"href":"https:\/\/www.mauxenmots.be\/index.php\/wp-json\/wp\/v2\/atbdp_listing_types?post=637"},{"taxonomy":"at_biz_dir-category","embeddable":true,"href":"https:\/\/www.mauxenmots.be\/index.php\/wp-json\/wp\/v2\/at_biz_dir-category?post=637"},{"taxonomy":"at_biz_dir-location","embeddable":true,"href":"https:\/\/www.mauxenmots.be\/index.php\/wp-json\/wp\/v2\/at_biz_dir-location?post=637"},{"taxonomy":"at_biz_dir-tags","embeddable":true,"href":"https:\/\/www.mauxenmots.be\/index.php\/wp-json\/wp\/v2\/at_biz_dir-tags?post=637"}],"curies":[{"name":"wp","href":"https:\/\/api.w.org\/{rel}","templated":true}]}}

<p class="cvGsUA direction-ltr align-start para-style-body"><span class="OYPEnA font-feature-liga-off font-feature-clig-off font-feature-calt-off text-decoration-none text-strikethrough-none">« Reçoit des enfants et des adolescents pour des bilans et des rééducations en langage oral, langage écrit, mathématiques, difficultés d’attention &#8211; concentration, rééducation myo-fonctionnelle. »</span></p>
<p class="cvGsUA direction-ltr align-start para-style-body"><span class="OYPEnA font-feature-liga-off font-feature-clig-off font-feature-calt-off text-decoration-none text-strikethrough-none">Tél : <a style="cursor: pointer !important; user-select: none !important;" href="tel:0476235115">0476/23 51 15,</a> email :</span><a href="mailto:blondiauxjoelle@gmail.com"><span class="OYPEnA font-feature-liga-off font-feature-clig-off font-feature-calt-off text-decoration-none text-strikethrough-none"> blondiauxjoelle@gmail.com</span></a></p>

<!-- This site is optimized with the Yoast SEO plugin v26.5 - https://yoast.com/wordpress/plugins/seo/ -->
<title>Joelle BLONDIAUX - Maux en Mots</title>
<meta name="description" content="Logopède spécialisée pour enfants et adolescents. Bilan et rééducation en langage oral et écrit, mathématiques, attention-concentration, et rééducation myo-fonctionnelle." />
<meta name="robots" content="index, follow, max-snippet:-1, max-image-preview:large, max-video-preview:-1" />
<link rel="canonical" href="https://www.mauxenmots.be/index.php/directory/logopede-enfants-ados-bilan-reeducation-langage-maths-attention/" />
<meta property="og:locale" content="fr_FR" />
<meta property="og:type" content="article" />
<meta property="og:title" content="Joelle BLONDIAUX - Maux en Mots" />
<meta property="og:description" content="Logopède spécialisée pour enfants et adolescents. Bilan et rééducation en langage oral et écrit, mathématiques, attention-concentration, et rééducation myo-fonctionnelle." />
<meta property="og:url" content="https://www.mauxenmots.be/index.php/directory/logopede-enfants-ados-bilan-reeducation-langage-maths-attention/" />
<meta property="og:site_name" content="Maux en Mots" />
<meta property="article:modified_time" content="2025-06-29T08:17:19+00:00" />
<meta property="og:image" content="https://www.mauxenmots.be/wp-content/uploads/2025/06/logopede-et-un-enfant-travaille-la-lettre-d.jpg" />
	<meta property="og:image:width" content="2048" />
	<meta property="og:image:height" content="2048" />
	<meta property="og:image:type" content="image/jpeg" />
<meta name="twitter:card" content="summary_large_image" />
<meta name="twitter:label1" content="Durée de lecture estimée" />
	<meta name="twitter:data1" content="1 minute" />
<script type="application/ld+json" class="yoast-schema-graph">{"@context":"https://schema.org","@graph":[{"@type":"WebPage","@id":"https://www.mauxenmots.be/index.php/directory/logopede-enfants-ados-bilan-reeducation-langage-maths-attention/","url":"https://www.mauxenmots.be/index.php/directory/logopede-enfants-ados-bilan-reeducation-langage-maths-attention/","name":"Joelle BLONDIAUX - Maux en Mots","isPartOf":{"@id":"https://www.mauxenmots.be/#website"},"primaryImageOfPage":{"@id":"https://www.mauxenmots.be/index.php/directory/logopede-enfants-ados-bilan-reeducation-langage-maths-attention/#primaryimage"},"image":{"@id":"https://www.mauxenmots.be/index.php/directory/logopede-enfants-ados-bilan-reeducation-langage-maths-attention/#primaryimage"},"thumbnailUrl":"https://www.mauxenmots.be/wp-content/uploads/2025/06/logopede-et-un-enfant-travaille-la-lettre-d.jpg","datePublished":"2025-06-14T19:33:20+00:00","dateModified":"2025-06-29T08:17:19+00:00","description":"Logopède spécialisée pour enfants et adolescents. Bilan et rééducation en langage oral et écrit, mathématiques, attention-concentration, et rééducation myo-fonctionnelle.","breadcrumb":{"@id":"https://www.mauxenmots.be/index.php/directory/logopede-enfants-ados-bilan-reeducation-langage-maths-attention/#breadcrumb"},"inLanguage":"fr-FR","potentialAction":[{"@type":"ReadAction","target":["https://www.mauxenmots.be/index.php/directory/logopede-enfants-ados-bilan-reeducation-langage-maths-attention/"]}]},{"@type":"ImageObject","inLanguage":"fr-FR","@id":"https://www.mauxenmots.be/index.php/directory/logopede-enfants-ados-bilan-reeducation-langage-maths-attention/#primaryimage","url":"https://www.mauxenmots.be/wp-content/uploads/2025/06/logopede-et-un-enfant-travaille-la-lettre-d.jpg","contentUrl":"https://www.mauxenmots.be/wp-content/uploads/2025/06/logopede-et-un-enfant-travaille-la-lettre-d.jpg","width":2048,"height":2048},{"@type":"BreadcrumbList","@id":"https://www.mauxenmots.be/index.php/directory/logopede-enfants-ados-bilan-reeducation-langage-maths-attention/#breadcrumb","itemListElement":[{"@type":"ListItem","position":1,"name":"Accueil","item":"https://www.mauxenmots.be/"},{"@type":"ListItem","position":2,"name":"Joelle BLONDIAUX"}]},{"@type":"WebSite","@id":"https://www.mauxenmots.be/#website","url":"https://www.mauxenmots.be/","name":"Maux en Mots","description":"","publisher":{"@id":"https://www.mauxenmots.be/#organization"},"potentialAction":[{"@type":"SearchAction","target":{"@type":"EntryPoint","urlTemplate":"https://www.mauxenmots.be/?s={search_term_string}"},"query-input":{"@type":"PropertyValueSpecification","valueRequired":true,"valueName":"search_term_string"}}],"inLanguage":"fr-FR"},{"@type":"Organization","@id":"https://www.mauxenmots.be/#organization","name":"Maux en Mots","url":"https://www.mauxenmots.be/","logo":{"@type":"ImageObject","inLanguage":"fr-FR","@id":"https://www.mauxenmots.be/#/schema/logo/image/","url":"https://www.mauxenmots.be/wp-content/uploads/2025/05/cropped-cropped-IMG-20250122-WA0005-min.jpg","contentUrl":"https://www.mauxenmots.be/wp-content/uploads/2025/05/cropped-cropped-IMG-20250122-WA0005-min.jpg","width":200,"height":199,"caption":"Maux en Mots"},"image":{"@id":"https://www.mauxenmots.be/#/schema/logo/image/"}}]}</script>
<!-- / Yoast SEO plugin. -->

Logopède spécialisée pour enfants et adolescents. Bilan et rééducation en langage oral et écrit, mathématiques, attention-concentration, et rééducation myo-fonctionnelle.
