{"id":990,"date":"2025-10-18T14:47:05","date_gmt":"2025-10-18T12:47:05","guid":{"rendered":"https:\/\/www.mauxenmots.be\/?post_type=at_biz_dir&#038;p=990"},"modified":"2025-10-22T17:45:11","modified_gmt":"2025-10-22T15:45:11","slug":"marine-michez","status":"publish","type":"at_biz_dir","link":"https:\/\/www.mauxenmots.be\/index.php\/directory\/marine-michez\/","title":{"rendered":"Marine Michez"},"content":{"rendered":"<p>Je suis une logop\u00e8de ind\u00e9pendante, passionn\u00e9e par mon m\u00e9tier.<\/p>\n<p>Sp\u00e9cialis\u00e9e dans les troubles du langage oral, du langage \u00e9crit, les troubles oromyofonctionnels et les troubles de la cognition math\u00e9matique.<\/p>\n<p>Je prends \u00e9galement en charge les adultes pour de l&rsquo;aphasie.<\/p>\n<p>J&rsquo;accompagne les enfants et les adultes dans l&rsquo;am\u00e9lioration de leurs comp\u00e9tences linguistiques et leur qualit\u00e9 de vie au quotidien.<\/p>\n","protected":false},"author":2,"comment_status":"closed","ping_status":"closed","template":"","atbdp_listing_types":[24],"at_biz_dir-category":[25],"at_biz_dir-location":[],"at_biz_dir-tags":[29,30,31,28,62],"class_list":["post-990","at_biz_dir","type-at_biz_dir","status-publish","hentry","atbdp_listing_types-general","at_biz_dir-category-logopede","at_biz_dir-tags-ado","at_biz_dir-tags-adultes","at_biz_dir-tags-bilans","at_biz_dir-tags-enfant","at_biz_dir-tags-troubles-oromyofonctionnels"],"yoast_head":"<!-- This site is optimized with the Yoast SEO plugin v26.5 - https:\/\/yoast.com\/wordpress\/plugins\/seo\/ -->\n<title>Marine Michez - Maux en Mots<\/title>\n<meta name=\"description\" content=\"Logop\u00e8de ind\u00e9pendante, sp\u00e9cialis\u00e9e en troubles du langage oral et \u00e9crit, oromyofonctionnels, cognition math\u00e9matique et aphasie. Suivi personnalis\u00e9 pour enfants et adultes.\" \/>\n<meta name=\"robots\" content=\"index, follow, max-snippet:-1, max-image-preview:large, max-video-preview:-1\" \/>\n<link rel=\"canonical\" href=\"https:\/\/www.mauxenmots.be\/index.php\/directory\/marine-michez\/\" \/>\n<meta property=\"og:locale\" content=\"fr_FR\" \/>\n<meta property=\"og:type\" content=\"article\" \/>\n<meta property=\"og:title\" content=\"Marine Michez - Maux en Mots\" \/>\n<meta property=\"og:description\" content=\"Logop\u00e8de ind\u00e9pendante, sp\u00e9cialis\u00e9e en troubles du langage oral et \u00e9crit, oromyofonctionnels, cognition math\u00e9matique et aphasie. Suivi personnalis\u00e9 pour enfants et adultes.\" \/>\n<meta property=\"og:url\" content=\"https:\/\/www.mauxenmots.be\/index.php\/directory\/marine-michez\/\" \/>\n<meta property=\"og:site_name\" content=\"Maux en Mots\" \/>\n<meta property=\"article:modified_time\" content=\"2025-10-22T15:45:11+00:00\" \/>\n<meta name=\"twitter:card\" content=\"summary_large_image\" \/>\n<meta name=\"twitter:label1\" content=\"Dur\u00e9e de lecture estim\u00e9e\" \/>\n\t<meta name=\"twitter:data1\" content=\"1 minute\" \/>\n<script type=\"application\/ld+json\" class=\"yoast-schema-graph\">{\"@context\":\"https:\/\/schema.org\",\"@graph\":[{\"@type\":\"WebPage\",\"@id\":\"https:\/\/www.mauxenmots.be\/index.php\/directory\/marine-michez\/\",\"url\":\"https:\/\/www.mauxenmots.be\/index.php\/directory\/marine-michez\/\",\"name\":\"Marine Michez - Maux en Mots\",\"isPartOf\":{\"@id\":\"https:\/\/www.mauxenmots.be\/#website\"},\"datePublished\":\"2025-10-18T12:47:05+00:00\",\"dateModified\":\"2025-10-22T15:45:11+00:00\",\"description\":\"Logop\u00e8de ind\u00e9pendante, sp\u00e9cialis\u00e9e en troubles du langage oral et \u00e9crit, oromyofonctionnels, cognition math\u00e9matique et aphasie. Suivi personnalis\u00e9 pour enfants et adultes.\",\"breadcrumb\":{\"@id\":\"https:\/\/www.mauxenmots.be\/index.php\/directory\/marine-michez\/#breadcrumb\"},\"inLanguage\":\"fr-FR\",\"potentialAction\":[{\"@type\":\"ReadAction\",\"target\":[\"https:\/\/www.mauxenmots.be\/index.php\/directory\/marine-michez\/\"]}]},{\"@type\":\"BreadcrumbList\",\"@id\":\"https:\/\/www.mauxenmots.be\/index.php\/directory\/marine-michez\/#breadcrumb\",\"itemListElement\":[{\"@type\":\"ListItem\",\"position\":1,\"name\":\"Accueil\",\"item\":\"https:\/\/www.mauxenmots.be\/\"},{\"@type\":\"ListItem\",\"position\":2,\"name\":\"Marine Michez\"}]},{\"@type\":\"WebSite\",\"@id\":\"https:\/\/www.mauxenmots.be\/#website\",\"url\":\"https:\/\/www.mauxenmots.be\/\",\"name\":\"Maux en Mots\",\"description\":\"\",\"publisher\":{\"@id\":\"https:\/\/www.mauxenmots.be\/#organization\"},\"potentialAction\":[{\"@type\":\"SearchAction\",\"target\":{\"@type\":\"EntryPoint\",\"urlTemplate\":\"https:\/\/www.mauxenmots.be\/?s={search_term_string}\"},\"query-input\":{\"@type\":\"PropertyValueSpecification\",\"valueRequired\":true,\"valueName\":\"search_term_string\"}}],\"inLanguage\":\"fr-FR\"},{\"@type\":\"Organization\",\"@id\":\"https:\/\/www.mauxenmots.be\/#organization\",\"name\":\"Maux en Mots\",\"url\":\"https:\/\/www.mauxenmots.be\/\",\"logo\":{\"@type\":\"ImageObject\",\"inLanguage\":\"fr-FR\",\"@id\":\"https:\/\/www.mauxenmots.be\/#\/schema\/logo\/image\/\",\"url\":\"https:\/\/www.mauxenmots.be\/wp-content\/uploads\/2025\/05\/cropped-cropped-IMG-20250122-WA0005-min.jpg\",\"contentUrl\":\"https:\/\/www.mauxenmots.be\/wp-content\/uploads\/2025\/05\/cropped-cropped-IMG-20250122-WA0005-min.jpg\",\"width\":200,\"height\":199,\"caption\":\"Maux en Mots\"},\"image\":{\"@id\":\"https:\/\/www.mauxenmots.be\/#\/schema\/logo\/image\/\"}}]}<\/script>\n<!-- \/ Yoast SEO plugin. -->","yoast_head_json":{"title":"Marine Michez - Maux en Mots","description":"Logop\u00e8de ind\u00e9pendante, sp\u00e9cialis\u00e9e en troubles du langage oral et \u00e9crit, oromyofonctionnels, cognition math\u00e9matique et aphasie. Suivi personnalis\u00e9 pour enfants et adultes.","robots":{"index":"index","follow":"follow","max-snippet":"max-snippet:-1","max-image-preview":"max-image-preview:large","max-video-preview":"max-video-preview:-1"},"canonical":"https:\/\/www.mauxenmots.be\/index.php\/directory\/marine-michez\/","og_locale":"fr_FR","og_type":"article","og_title":"Marine Michez - Maux en Mots","og_description":"Logop\u00e8de ind\u00e9pendante, sp\u00e9cialis\u00e9e en troubles du langage oral et \u00e9crit, oromyofonctionnels, cognition math\u00e9matique et aphasie. Suivi personnalis\u00e9 pour enfants et adultes.","og_url":"https:\/\/www.mauxenmots.be\/index.php\/directory\/marine-michez\/","og_site_name":"Maux en Mots","article_modified_time":"2025-10-22T15:45:11+00:00","twitter_card":"summary_large_image","twitter_misc":{"Dur\u00e9e de lecture estim\u00e9e":"1 minute"},"schema":{"@context":"https:\/\/schema.org","@graph":[{"@type":"WebPage","@id":"https:\/\/www.mauxenmots.be\/index.php\/directory\/marine-michez\/","url":"https:\/\/www.mauxenmots.be\/index.php\/directory\/marine-michez\/","name":"Marine Michez - Maux en Mots","isPartOf":{"@id":"https:\/\/www.mauxenmots.be\/#website"},"datePublished":"2025-10-18T12:47:05+00:00","dateModified":"2025-10-22T15:45:11+00:00","description":"Logop\u00e8de ind\u00e9pendante, sp\u00e9cialis\u00e9e en troubles du langage oral et \u00e9crit, oromyofonctionnels, cognition math\u00e9matique et aphasie. Suivi personnalis\u00e9 pour enfants et adultes.","breadcrumb":{"@id":"https:\/\/www.mauxenmots.be\/index.php\/directory\/marine-michez\/#breadcrumb"},"inLanguage":"fr-FR","potentialAction":[{"@type":"ReadAction","target":["https:\/\/www.mauxenmots.be\/index.php\/directory\/marine-michez\/"]}]},{"@type":"BreadcrumbList","@id":"https:\/\/www.mauxenmots.be\/index.php\/directory\/marine-michez\/#breadcrumb","itemListElement":[{"@type":"ListItem","position":1,"name":"Accueil","item":"https:\/\/www.mauxenmots.be\/"},{"@type":"ListItem","position":2,"name":"Marine Michez"}]},{"@type":"WebSite","@id":"https:\/\/www.mauxenmots.be\/#website","url":"https:\/\/www.mauxenmots.be\/","name":"Maux en Mots","description":"","publisher":{"@id":"https:\/\/www.mauxenmots.be\/#organization"},"potentialAction":[{"@type":"SearchAction","target":{"@type":"EntryPoint","urlTemplate":"https:\/\/www.mauxenmots.be\/?s={search_term_string}"},"query-input":{"@type":"PropertyValueSpecification","valueRequired":true,"valueName":"search_term_string"}}],"inLanguage":"fr-FR"},{"@type":"Organization","@id":"https:\/\/www.mauxenmots.be\/#organization","name":"Maux en Mots","url":"https:\/\/www.mauxenmots.be\/","logo":{"@type":"ImageObject","inLanguage":"fr-FR","@id":"https:\/\/www.mauxenmots.be\/#\/schema\/logo\/image\/","url":"https:\/\/www.mauxenmots.be\/wp-content\/uploads\/2025\/05\/cropped-cropped-IMG-20250122-WA0005-min.jpg","contentUrl":"https:\/\/www.mauxenmots.be\/wp-content\/uploads\/2025\/05\/cropped-cropped-IMG-20250122-WA0005-min.jpg","width":200,"height":199,"caption":"Maux en Mots"},"image":{"@id":"https:\/\/www.mauxenmots.be\/#\/schema\/logo\/image\/"}}]}},"_links":{"self":[{"href":"https:\/\/www.mauxenmots.be\/index.php\/wp-json\/wp\/v2\/at_biz_dir\/990","targetHints":{"allow":["GET"]}}],"collection":[{"href":"https:\/\/www.mauxenmots.be\/index.php\/wp-json\/wp\/v2\/at_biz_dir"}],"about":[{"href":"https:\/\/www.mauxenmots.be\/index.php\/wp-json\/wp\/v2\/types\/at_biz_dir"}],"author":[{"embeddable":true,"href":"https:\/\/www.mauxenmots.be\/index.php\/wp-json\/wp\/v2\/users\/2"}],"replies":[{"embeddable":true,"href":"https:\/\/www.mauxenmots.be\/index.php\/wp-json\/wp\/v2\/comments?post=990"}],"version-history":[{"count":3,"href":"https:\/\/www.mauxenmots.be\/index.php\/wp-json\/wp\/v2\/at_biz_dir\/990\/revisions"}],"predecessor-version":[{"id":1000,"href":"https:\/\/www.mauxenmots.be\/index.php\/wp-json\/wp\/v2\/at_biz_dir\/990\/revisions\/1000"}],"wp:attachment":[{"href":"https:\/\/www.mauxenmots.be\/index.php\/wp-json\/wp\/v2\/media?parent=990"}],"wp:term":[{"taxonomy":"atbdp_listing_types","embeddable":true,"href":"https:\/\/www.mauxenmots.be\/index.php\/wp-json\/wp\/v2\/atbdp_listing_types?post=990"},{"taxonomy":"at_biz_dir-category","embeddable":true,"href":"https:\/\/www.mauxenmots.be\/index.php\/wp-json\/wp\/v2\/at_biz_dir-category?post=990"},{"taxonomy":"at_biz_dir-location","embeddable":true,"href":"https:\/\/www.mauxenmots.be\/index.php\/wp-json\/wp\/v2\/at_biz_dir-location?post=990"},{"taxonomy":"at_biz_dir-tags","embeddable":true,"href":"https:\/\/www.mauxenmots.be\/index.php\/wp-json\/wp\/v2\/at_biz_dir-tags?post=990"}],"curies":[{"name":"wp","href":"https:\/\/api.w.org\/{rel}","templated":true}]}}

<p>Je suis une logopède indépendante, passionnée par mon métier.</p>
<p>Spécialisée dans les troubles du langage oral, du langage écrit, les troubles oromyofonctionnels et les troubles de la cognition mathématique.</p>
<p>Je prends également en charge les adultes pour de l&rsquo;aphasie.</p>
<p>J&rsquo;accompagne les enfants et les adultes dans l&rsquo;amélioration de leurs compétences linguistiques et leur qualité de vie au quotidien.</p>

<!-- This site is optimized with the Yoast SEO plugin v26.5 - https://yoast.com/wordpress/plugins/seo/ -->
<title>Marine Michez - Maux en Mots</title>
<meta name="description" content="Logopède indépendante, spécialisée en troubles du langage oral et écrit, oromyofonctionnels, cognition mathématique et aphasie. Suivi personnalisé pour enfants et adultes." />
<meta name="robots" content="index, follow, max-snippet:-1, max-image-preview:large, max-video-preview:-1" />
<link rel="canonical" href="https://www.mauxenmots.be/index.php/directory/marine-michez/" />
<meta property="og:locale" content="fr_FR" />
<meta property="og:type" content="article" />
<meta property="og:title" content="Marine Michez - Maux en Mots" />
<meta property="og:description" content="Logopède indépendante, spécialisée en troubles du langage oral et écrit, oromyofonctionnels, cognition mathématique et aphasie. Suivi personnalisé pour enfants et adultes." />
<meta property="og:url" content="https://www.mauxenmots.be/index.php/directory/marine-michez/" />
<meta property="og:site_name" content="Maux en Mots" />
<meta property="article:modified_time" content="2025-10-22T15:45:11+00:00" />
<meta name="twitter:card" content="summary_large_image" />
<meta name="twitter:label1" content="Durée de lecture estimée" />
	<meta name="twitter:data1" content="1 minute" />
<script type="application/ld+json" class="yoast-schema-graph">{"@context":"https://schema.org","@graph":[{"@type":"WebPage","@id":"https://www.mauxenmots.be/index.php/directory/marine-michez/","url":"https://www.mauxenmots.be/index.php/directory/marine-michez/","name":"Marine Michez - Maux en Mots","isPartOf":{"@id":"https://www.mauxenmots.be/#website"},"datePublished":"2025-10-18T12:47:05+00:00","dateModified":"2025-10-22T15:45:11+00:00","description":"Logopède indépendante, spécialisée en troubles du langage oral et écrit, oromyofonctionnels, cognition mathématique et aphasie. Suivi personnalisé pour enfants et adultes.","breadcrumb":{"@id":"https://www.mauxenmots.be/index.php/directory/marine-michez/#breadcrumb"},"inLanguage":"fr-FR","potentialAction":[{"@type":"ReadAction","target":["https://www.mauxenmots.be/index.php/directory/marine-michez/"]}]},{"@type":"BreadcrumbList","@id":"https://www.mauxenmots.be/index.php/directory/marine-michez/#breadcrumb","itemListElement":[{"@type":"ListItem","position":1,"name":"Accueil","item":"https://www.mauxenmots.be/"},{"@type":"ListItem","position":2,"name":"Marine Michez"}]},{"@type":"WebSite","@id":"https://www.mauxenmots.be/#website","url":"https://www.mauxenmots.be/","name":"Maux en Mots","description":"","publisher":{"@id":"https://www.mauxenmots.be/#organization"},"potentialAction":[{"@type":"SearchAction","target":{"@type":"EntryPoint","urlTemplate":"https://www.mauxenmots.be/?s={search_term_string}"},"query-input":{"@type":"PropertyValueSpecification","valueRequired":true,"valueName":"search_term_string"}}],"inLanguage":"fr-FR"},{"@type":"Organization","@id":"https://www.mauxenmots.be/#organization","name":"Maux en Mots","url":"https://www.mauxenmots.be/","logo":{"@type":"ImageObject","inLanguage":"fr-FR","@id":"https://www.mauxenmots.be/#/schema/logo/image/","url":"https://www.mauxenmots.be/wp-content/uploads/2025/05/cropped-cropped-IMG-20250122-WA0005-min.jpg","contentUrl":"https://www.mauxenmots.be/wp-content/uploads/2025/05/cropped-cropped-IMG-20250122-WA0005-min.jpg","width":200,"height":199,"caption":"Maux en Mots"},"image":{"@id":"https://www.mauxenmots.be/#/schema/logo/image/"}}]}</script>
<!-- / Yoast SEO plugin. -->

Logopède indépendante, spécialisée en troubles du langage oral et écrit, oromyofonctionnels, cognition mathématique et aphasie. Suivi personnalisé pour enfants et adultes.
