{"id":992,"date":"2025-10-18T14:48:59","date_gmt":"2025-10-18T12:48:59","guid":{"rendered":"https:\/\/www.mauxenmots.be\/?post_type=at_biz_dir&#038;p=992"},"modified":"2025-11-29T14:21:47","modified_gmt":"2025-11-29T13:21:47","slug":"permatherapeute-accompagnement-naturel-et-global","status":"publish","type":"at_biz_dir","link":"https:\/\/www.mauxenmots.be\/index.php\/directory\/permatherapeute-accompagnement-naturel-et-global\/","title":{"rendered":"Marie Vervaeke"},"content":{"rendered":"<p>\u2728 <b>Permath\u00e9rapeute \u2013 Accompagnement naturel et global<\/b> <span style=\"font-family: Segoe UI Emoji, sans-serif;\">\u2728<\/span><\/p>\n<p>Je vous accompagne vers un mieux-\u00eatre gr\u00e2ce \u00e0 une approche douce et personnalis\u00e9e, qui aide \u00e0 :<br \/>\n<span style=\"font-family: Segoe UI Emoji, sans-serif;\">\ud83c\udf19<\/span> Retrouver un sommeil r\u00e9parateur et lutter contre la fatigue persistante<br \/>\n<span style=\"font-family: Segoe UI Emoji, sans-serif;\">\ud83d\udc86<\/span>\u200d\u00a0Soulager les douleurs chroniques et tensions corporelles<br \/>\n<span style=\"font-family: Segoe UI Emoji, sans-serif;\">\ud83d\udd25<\/span> Pr\u00e9venir et d\u00e9passer l\u2019\u00e9puisement, le burn-out ou la surcharge mentale<br \/>\n<span style=\"font-family: Segoe UI Emoji, sans-serif;\">\ud83c\udf3f<\/span> Traverser avec s\u00e9r\u00e9nit\u00e9 les p\u00e9riodes de transition (reconversion, s\u00e9paration, maladie\u2026)<br \/>\n<span style=\"font-family: Segoe UI Emoji, sans-serif;\">\ud83c\udf38<\/span> Vous recentrer et vous reconnecter \u00e0 vous-m\u00eame et \u00e0 votre environnement<\/p>\n<p><b>Mes outils<\/b> :<br \/>\n<span style=\"font-family: Segoe UI Emoji, sans-serif;\">\ud83c\udf31<\/span> Les plantes locales<br \/>\n<span style=\"font-family: Segoe UI Emoji, sans-serif;\">\ud83e\udd32<\/span> La th\u00e9rapie manuelle<br \/>\n<span style=\"font-family: Segoe UI Emoji, sans-serif;\">\ud83c\udf00<\/span> L\u2019\u00e9coute et la guidance psychocorporelle<\/p>\n<p>\ud83d\udca1 <b>La Permath\u00e9rapie, c\u2019est quoi ?<\/b><br \/>\nC\u2019est une m\u00e9thode d\u2019accompagnement compl\u00e9mentaire de la sant\u00e9 et du bien-\u00eatre, respectueuse du corps, de la personne et de l\u2019environnement. Elle repose sur une vision globale : corps, esprit et contexte de vie.<\/p>\n<p>Gr\u00e2ce au <b>Design Personnel<\/b>, nous identifions ensemble ce qui perturbe votre \u00e9quilibre et mettons en place des ajustements adapt\u00e9s. Les s\u00e9ances vous offrent des outils simples, efficaces et r\u00e9utilisables au quotidien, pour avancer vers plus d\u2019autonomie et d\u2019harmonie.<\/p>\n<p>\ud83c\udf1f L\u2019objectif : vous aider \u00e0 devenir cr\u00e9ateur de votre sant\u00e9, \u00e0 mieux vous conna\u00eetre et \u00e0 retrouver votre juste rythme.<\/p>\n<p>\u26a0\ufe0f La Permath\u00e9rapie ne se substitue pas aux soins m\u00e9dicaux conventionnels, elle les compl\u00e8te avec bienveillance.<\/p>\n<p>Rejoignez-moi sur ma page Facebook professionnelle pour plus d\u2019informations\u00a0:<\/p>\n<p><a href=\"https:\/\/www.facebook.com\/MarieVervaekeAccompagnement\">https:\/\/www.facebook.com\/MarieVervaekeAccompagnement<\/a><\/p>\n","protected":false},"author":2,"comment_status":"closed","ping_status":"closed","template":"","atbdp_listing_types":[24],"at_biz_dir-category":[61],"at_biz_dir-location":[],"at_biz_dir-tags":[],"class_list":["post-992","at_biz_dir","type-at_biz_dir","status-publish","hentry","atbdp_listing_types-general","at_biz_dir-category-permatherapeute"],"yoast_head":"<!-- This site is optimized with the Yoast SEO plugin v26.5 - https:\/\/yoast.com\/wordpress\/plugins\/seo\/ -->\n<title>Marie Vervaeke - Maux en Mots<\/title>\n<meta name=\"description\" content=\"Accompagnement naturel et global pour retrouver \u00e9quilibre, vitalit\u00e9 et s\u00e9r\u00e9nit\u00e9 gr\u00e2ce \u00e0 la permath\u00e9rapie, aux plantes et \u00e0 la guidance corporelle.\" \/>\n<meta name=\"robots\" content=\"index, follow, max-snippet:-1, max-image-preview:large, max-video-preview:-1\" \/>\n<link rel=\"canonical\" href=\"https:\/\/www.mauxenmots.be\/index.php\/directory\/permatherapeute-accompagnement-naturel-et-global\/\" \/>\n<meta property=\"og:locale\" content=\"fr_FR\" \/>\n<meta property=\"og:type\" content=\"article\" \/>\n<meta property=\"og:title\" content=\"Marie Vervaeke - Maux en Mots\" \/>\n<meta property=\"og:description\" content=\"Accompagnement naturel et global pour retrouver \u00e9quilibre, vitalit\u00e9 et s\u00e9r\u00e9nit\u00e9 gr\u00e2ce \u00e0 la permath\u00e9rapie, aux plantes et \u00e0 la guidance corporelle.\" \/>\n<meta property=\"og:url\" content=\"https:\/\/www.mauxenmots.be\/index.php\/directory\/permatherapeute-accompagnement-naturel-et-global\/\" \/>\n<meta property=\"og:site_name\" content=\"Maux en Mots\" \/>\n<meta property=\"article:modified_time\" content=\"2025-11-29T13:21:47+00:00\" \/>\n<meta name=\"twitter:card\" content=\"summary_large_image\" \/>\n<meta name=\"twitter:label1\" content=\"Dur\u00e9e de lecture estim\u00e9e\" \/>\n\t<meta name=\"twitter:data1\" content=\"2 minutes\" \/>\n<script type=\"application\/ld+json\" class=\"yoast-schema-graph\">{\"@context\":\"https:\/\/schema.org\",\"@graph\":[{\"@type\":\"WebPage\",\"@id\":\"https:\/\/www.mauxenmots.be\/index.php\/directory\/permatherapeute-accompagnement-naturel-et-global\/\",\"url\":\"https:\/\/www.mauxenmots.be\/index.php\/directory\/permatherapeute-accompagnement-naturel-et-global\/\",\"name\":\"Marie Vervaeke - Maux en Mots\",\"isPartOf\":{\"@id\":\"https:\/\/www.mauxenmots.be\/#website\"},\"datePublished\":\"2025-10-18T12:48:59+00:00\",\"dateModified\":\"2025-11-29T13:21:47+00:00\",\"description\":\"Accompagnement naturel et global pour retrouver \u00e9quilibre, vitalit\u00e9 et s\u00e9r\u00e9nit\u00e9 gr\u00e2ce \u00e0 la permath\u00e9rapie, aux plantes et \u00e0 la guidance corporelle.\",\"breadcrumb\":{\"@id\":\"https:\/\/www.mauxenmots.be\/index.php\/directory\/permatherapeute-accompagnement-naturel-et-global\/#breadcrumb\"},\"inLanguage\":\"fr-FR\",\"potentialAction\":[{\"@type\":\"ReadAction\",\"target\":[\"https:\/\/www.mauxenmots.be\/index.php\/directory\/permatherapeute-accompagnement-naturel-et-global\/\"]}]},{\"@type\":\"BreadcrumbList\",\"@id\":\"https:\/\/www.mauxenmots.be\/index.php\/directory\/permatherapeute-accompagnement-naturel-et-global\/#breadcrumb\",\"itemListElement\":[{\"@type\":\"ListItem\",\"position\":1,\"name\":\"Accueil\",\"item\":\"https:\/\/www.mauxenmots.be\/\"},{\"@type\":\"ListItem\",\"position\":2,\"name\":\"Marie Vervaeke\"}]},{\"@type\":\"WebSite\",\"@id\":\"https:\/\/www.mauxenmots.be\/#website\",\"url\":\"https:\/\/www.mauxenmots.be\/\",\"name\":\"Maux en Mots\",\"description\":\"\",\"publisher\":{\"@id\":\"https:\/\/www.mauxenmots.be\/#organization\"},\"potentialAction\":[{\"@type\":\"SearchAction\",\"target\":{\"@type\":\"EntryPoint\",\"urlTemplate\":\"https:\/\/www.mauxenmots.be\/?s={search_term_string}\"},\"query-input\":{\"@type\":\"PropertyValueSpecification\",\"valueRequired\":true,\"valueName\":\"search_term_string\"}}],\"inLanguage\":\"fr-FR\"},{\"@type\":\"Organization\",\"@id\":\"https:\/\/www.mauxenmots.be\/#organization\",\"name\":\"Maux en Mots\",\"url\":\"https:\/\/www.mauxenmots.be\/\",\"logo\":{\"@type\":\"ImageObject\",\"inLanguage\":\"fr-FR\",\"@id\":\"https:\/\/www.mauxenmots.be\/#\/schema\/logo\/image\/\",\"url\":\"https:\/\/www.mauxenmots.be\/wp-content\/uploads\/2025\/05\/cropped-cropped-IMG-20250122-WA0005-min.jpg\",\"contentUrl\":\"https:\/\/www.mauxenmots.be\/wp-content\/uploads\/2025\/05\/cropped-cropped-IMG-20250122-WA0005-min.jpg\",\"width\":200,\"height\":199,\"caption\":\"Maux en Mots\"},\"image\":{\"@id\":\"https:\/\/www.mauxenmots.be\/#\/schema\/logo\/image\/\"}}]}<\/script>\n<!-- \/ Yoast SEO plugin. -->","yoast_head_json":{"title":"Marie Vervaeke - Maux en Mots","description":"Accompagnement naturel et global pour retrouver \u00e9quilibre, vitalit\u00e9 et s\u00e9r\u00e9nit\u00e9 gr\u00e2ce \u00e0 la permath\u00e9rapie, aux plantes et \u00e0 la guidance corporelle.","robots":{"index":"index","follow":"follow","max-snippet":"max-snippet:-1","max-image-preview":"max-image-preview:large","max-video-preview":"max-video-preview:-1"},"canonical":"https:\/\/www.mauxenmots.be\/index.php\/directory\/permatherapeute-accompagnement-naturel-et-global\/","og_locale":"fr_FR","og_type":"article","og_title":"Marie Vervaeke - Maux en Mots","og_description":"Accompagnement naturel et global pour retrouver \u00e9quilibre, vitalit\u00e9 et s\u00e9r\u00e9nit\u00e9 gr\u00e2ce \u00e0 la permath\u00e9rapie, aux plantes et \u00e0 la guidance corporelle.","og_url":"https:\/\/www.mauxenmots.be\/index.php\/directory\/permatherapeute-accompagnement-naturel-et-global\/","og_site_name":"Maux en Mots","article_modified_time":"2025-11-29T13:21:47+00:00","twitter_card":"summary_large_image","twitter_misc":{"Dur\u00e9e de lecture estim\u00e9e":"2 minutes"},"schema":{"@context":"https:\/\/schema.org","@graph":[{"@type":"WebPage","@id":"https:\/\/www.mauxenmots.be\/index.php\/directory\/permatherapeute-accompagnement-naturel-et-global\/","url":"https:\/\/www.mauxenmots.be\/index.php\/directory\/permatherapeute-accompagnement-naturel-et-global\/","name":"Marie Vervaeke - Maux en Mots","isPartOf":{"@id":"https:\/\/www.mauxenmots.be\/#website"},"datePublished":"2025-10-18T12:48:59+00:00","dateModified":"2025-11-29T13:21:47+00:00","description":"Accompagnement naturel et global pour retrouver \u00e9quilibre, vitalit\u00e9 et s\u00e9r\u00e9nit\u00e9 gr\u00e2ce \u00e0 la permath\u00e9rapie, aux plantes et \u00e0 la guidance corporelle.","breadcrumb":{"@id":"https:\/\/www.mauxenmots.be\/index.php\/directory\/permatherapeute-accompagnement-naturel-et-global\/#breadcrumb"},"inLanguage":"fr-FR","potentialAction":[{"@type":"ReadAction","target":["https:\/\/www.mauxenmots.be\/index.php\/directory\/permatherapeute-accompagnement-naturel-et-global\/"]}]},{"@type":"BreadcrumbList","@id":"https:\/\/www.mauxenmots.be\/index.php\/directory\/permatherapeute-accompagnement-naturel-et-global\/#breadcrumb","itemListElement":[{"@type":"ListItem","position":1,"name":"Accueil","item":"https:\/\/www.mauxenmots.be\/"},{"@type":"ListItem","position":2,"name":"Marie Vervaeke"}]},{"@type":"WebSite","@id":"https:\/\/www.mauxenmots.be\/#website","url":"https:\/\/www.mauxenmots.be\/","name":"Maux en Mots","description":"","publisher":{"@id":"https:\/\/www.mauxenmots.be\/#organization"},"potentialAction":[{"@type":"SearchAction","target":{"@type":"EntryPoint","urlTemplate":"https:\/\/www.mauxenmots.be\/?s={search_term_string}"},"query-input":{"@type":"PropertyValueSpecification","valueRequired":true,"valueName":"search_term_string"}}],"inLanguage":"fr-FR"},{"@type":"Organization","@id":"https:\/\/www.mauxenmots.be\/#organization","name":"Maux en Mots","url":"https:\/\/www.mauxenmots.be\/","logo":{"@type":"ImageObject","inLanguage":"fr-FR","@id":"https:\/\/www.mauxenmots.be\/#\/schema\/logo\/image\/","url":"https:\/\/www.mauxenmots.be\/wp-content\/uploads\/2025\/05\/cropped-cropped-IMG-20250122-WA0005-min.jpg","contentUrl":"https:\/\/www.mauxenmots.be\/wp-content\/uploads\/2025\/05\/cropped-cropped-IMG-20250122-WA0005-min.jpg","width":200,"height":199,"caption":"Maux en Mots"},"image":{"@id":"https:\/\/www.mauxenmots.be\/#\/schema\/logo\/image\/"}}]}},"_links":{"self":[{"href":"https:\/\/www.mauxenmots.be\/index.php\/wp-json\/wp\/v2\/at_biz_dir\/992","targetHints":{"allow":["GET"]}}],"collection":[{"href":"https:\/\/www.mauxenmots.be\/index.php\/wp-json\/wp\/v2\/at_biz_dir"}],"about":[{"href":"https:\/\/www.mauxenmots.be\/index.php\/wp-json\/wp\/v2\/types\/at_biz_dir"}],"author":[{"embeddable":true,"href":"https:\/\/www.mauxenmots.be\/index.php\/wp-json\/wp\/v2\/users\/2"}],"replies":[{"embeddable":true,"href":"https:\/\/www.mauxenmots.be\/index.php\/wp-json\/wp\/v2\/comments?post=992"}],"version-history":[{"count":5,"href":"https:\/\/www.mauxenmots.be\/index.php\/wp-json\/wp\/v2\/at_biz_dir\/992\/revisions"}],"predecessor-version":[{"id":1035,"href":"https:\/\/www.mauxenmots.be\/index.php\/wp-json\/wp\/v2\/at_biz_dir\/992\/revisions\/1035"}],"wp:attachment":[{"href":"https:\/\/www.mauxenmots.be\/index.php\/wp-json\/wp\/v2\/media?parent=992"}],"wp:term":[{"taxonomy":"atbdp_listing_types","embeddable":true,"href":"https:\/\/www.mauxenmots.be\/index.php\/wp-json\/wp\/v2\/atbdp_listing_types?post=992"},{"taxonomy":"at_biz_dir-category","embeddable":true,"href":"https:\/\/www.mauxenmots.be\/index.php\/wp-json\/wp\/v2\/at_biz_dir-category?post=992"},{"taxonomy":"at_biz_dir-location","embeddable":true,"href":"https:\/\/www.mauxenmots.be\/index.php\/wp-json\/wp\/v2\/at_biz_dir-location?post=992"},{"taxonomy":"at_biz_dir-tags","embeddable":true,"href":"https:\/\/www.mauxenmots.be\/index.php\/wp-json\/wp\/v2\/at_biz_dir-tags?post=992"}],"curies":[{"name":"wp","href":"https:\/\/api.w.org\/{rel}","templated":true}]}}

<p>✨ <b>Permathérapeute – Accompagnement naturel et global</b> <span style="font-family: Segoe UI Emoji, sans-serif;">✨</span></p>
<p>Je vous accompagne vers un mieux-être grâce à une approche douce et personnalisée, qui aide à :<br />
<span style="font-family: Segoe UI Emoji, sans-serif;">🌙</span> Retrouver un sommeil réparateur et lutter contre la fatigue persistante<br />
<span style="font-family: Segoe UI Emoji, sans-serif;">💆</span>‍ Soulager les douleurs chroniques et tensions corporelles<br />
<span style="font-family: Segoe UI Emoji, sans-serif;">🔥</span> Prévenir et dépasser l’épuisement, le burn-out ou la surcharge mentale<br />
<span style="font-family: Segoe UI Emoji, sans-serif;">🌿</span> Traverser avec sérénité les périodes de transition (reconversion, séparation, maladie…)<br />
<span style="font-family: Segoe UI Emoji, sans-serif;">🌸</span> Vous recentrer et vous reconnecter à vous-même et à votre environnement</p>
<p><b>Mes outils</b> :<br />
<span style="font-family: Segoe UI Emoji, sans-serif;">🌱</span> Les plantes locales<br />
<span style="font-family: Segoe UI Emoji, sans-serif;">🤲</span> La thérapie manuelle<br />
<span style="font-family: Segoe UI Emoji, sans-serif;">🌀</span> L’écoute et la guidance psychocorporelle</p>
<p>💡 <b>La Permathérapie, c’est quoi ?</b><br />
C’est une méthode d’accompagnement complémentaire de la santé et du bien-être, respectueuse du corps, de la personne et de l’environnement. Elle repose sur une vision globale : corps, esprit et contexte de vie.</p>
<p>Grâce au <b>Design Personnel</b>, nous identifions ensemble ce qui perturbe votre équilibre et mettons en place des ajustements adaptés. Les séances vous offrent des outils simples, efficaces et réutilisables au quotidien, pour avancer vers plus d’autonomie et d’harmonie.</p>
<p>🌟 L’objectif : vous aider à devenir créateur de votre santé, à mieux vous connaître et à retrouver votre juste rythme.</p>
<p>⚠️ La Permathérapie ne se substitue pas aux soins médicaux conventionnels, elle les complète avec bienveillance.</p>
<p>Rejoignez-moi sur ma page Facebook professionnelle pour plus d’informations :</p>
<p><a href="https://www.facebook.com/MarieVervaekeAccompagnement">https://www.facebook.com/MarieVervaekeAccompagnement</a></p>

<!-- This site is optimized with the Yoast SEO plugin v26.5 - https://yoast.com/wordpress/plugins/seo/ -->
<title>Marie Vervaeke - Maux en Mots</title>
<meta name="description" content="Accompagnement naturel et global pour retrouver équilibre, vitalité et sérénité grâce à la permathérapie, aux plantes et à la guidance corporelle." />
<meta name="robots" content="index, follow, max-snippet:-1, max-image-preview:large, max-video-preview:-1" />
<link rel="canonical" href="https://www.mauxenmots.be/index.php/directory/permatherapeute-accompagnement-naturel-et-global/" />
<meta property="og:locale" content="fr_FR" />
<meta property="og:type" content="article" />
<meta property="og:title" content="Marie Vervaeke - Maux en Mots" />
<meta property="og:description" content="Accompagnement naturel et global pour retrouver équilibre, vitalité et sérénité grâce à la permathérapie, aux plantes et à la guidance corporelle." />
<meta property="og:url" content="https://www.mauxenmots.be/index.php/directory/permatherapeute-accompagnement-naturel-et-global/" />
<meta property="og:site_name" content="Maux en Mots" />
<meta property="article:modified_time" content="2025-11-29T13:21:47+00:00" />
<meta name="twitter:card" content="summary_large_image" />
<meta name="twitter:label1" content="Durée de lecture estimée" />
	<meta name="twitter:data1" content="2 minutes" />
<script type="application/ld+json" class="yoast-schema-graph">{"@context":"https://schema.org","@graph":[{"@type":"WebPage","@id":"https://www.mauxenmots.be/index.php/directory/permatherapeute-accompagnement-naturel-et-global/","url":"https://www.mauxenmots.be/index.php/directory/permatherapeute-accompagnement-naturel-et-global/","name":"Marie Vervaeke - Maux en Mots","isPartOf":{"@id":"https://www.mauxenmots.be/#website"},"datePublished":"2025-10-18T12:48:59+00:00","dateModified":"2025-11-29T13:21:47+00:00","description":"Accompagnement naturel et global pour retrouver équilibre, vitalité et sérénité grâce à la permathérapie, aux plantes et à la guidance corporelle.","breadcrumb":{"@id":"https://www.mauxenmots.be/index.php/directory/permatherapeute-accompagnement-naturel-et-global/#breadcrumb"},"inLanguage":"fr-FR","potentialAction":[{"@type":"ReadAction","target":["https://www.mauxenmots.be/index.php/directory/permatherapeute-accompagnement-naturel-et-global/"]}]},{"@type":"BreadcrumbList","@id":"https://www.mauxenmots.be/index.php/directory/permatherapeute-accompagnement-naturel-et-global/#breadcrumb","itemListElement":[{"@type":"ListItem","position":1,"name":"Accueil","item":"https://www.mauxenmots.be/"},{"@type":"ListItem","position":2,"name":"Marie Vervaeke"}]},{"@type":"WebSite","@id":"https://www.mauxenmots.be/#website","url":"https://www.mauxenmots.be/","name":"Maux en Mots","description":"","publisher":{"@id":"https://www.mauxenmots.be/#organization"},"potentialAction":[{"@type":"SearchAction","target":{"@type":"EntryPoint","urlTemplate":"https://www.mauxenmots.be/?s={search_term_string}"},"query-input":{"@type":"PropertyValueSpecification","valueRequired":true,"valueName":"search_term_string"}}],"inLanguage":"fr-FR"},{"@type":"Organization","@id":"https://www.mauxenmots.be/#organization","name":"Maux en Mots","url":"https://www.mauxenmots.be/","logo":{"@type":"ImageObject","inLanguage":"fr-FR","@id":"https://www.mauxenmots.be/#/schema/logo/image/","url":"https://www.mauxenmots.be/wp-content/uploads/2025/05/cropped-cropped-IMG-20250122-WA0005-min.jpg","contentUrl":"https://www.mauxenmots.be/wp-content/uploads/2025/05/cropped-cropped-IMG-20250122-WA0005-min.jpg","width":200,"height":199,"caption":"Maux en Mots"},"image":{"@id":"https://www.mauxenmots.be/#/schema/logo/image/"}}]}</script>
<!-- / Yoast SEO plugin. -->

Accompagnement naturel et global pour retrouver équilibre, vitalité et sérénité grâce à la permathérapie, aux plantes et à la guidance corporelle.
